 and x?
11
Suppose -6 = -o + 2. What is the greatest common factor of o and 1?
1
Let v = 28 - 4. What is the highest common divisor of 60 and v?
12
Suppose -2*d + 11 - 3 = 0. Let g = -3 + d. What is the highest common divisor of g and 3?
1
Suppose t + 4*j - 40 = 0, j + 22 + 53 = 4*t. Let o = 25 - -35. What is the highest common divisor of t and o?
20
Suppose -4*k + 9*k + 125 = 0. Let g = -14 - k. Let y be 11/((-14)/4 - -4). Calculate the greatest common divisor of g and y.
11
Let r = 15 - 2. Suppose m - 3*v = 5, 1 = -5*m + 2*v - r. Let x be 2/m - (-45)/10. Calculate the greatest common factor of 2 and x.
2
Let k = -81 + 121. What is the greatest common divisor of 5 and k?
5
Suppose -4*a = -a - 9. Suppose -c = a*c - 48. What is the highest common divisor of 30 and c?
6
Let a = 30 - 13. Calculate the highest common divisor of 17 and a.
17
Suppose -7*g - 17 = -8*g. Calculate the greatest common factor of g and 17.
17
Let d = 42 + -26. What is the greatest common divisor of 80 and d?
16
Suppose 6*i = 3*i - d + 163, -i + 61 = -3*d. Suppose -12 = 3*m - 3*u, -u = 2 + 1. Let q be 156/7 - (-2)/m. Calculate the highest common divisor of i and q.
11
Let t be ((-392)/(-32))/((-1)/(-4)). Let u = 169 - t. Calculate the greatest common factor of u and 15.
15
Suppose 3*r - s - 492 = 3*s, 3*s = -r + 177. Suppose r = -3*h + 7*h. Calculate the highest common divisor of 63 and h.
21
Suppose -5*m = -305 + 105. What is the greatest common factor of m and 8?
8
Suppose 8 + 12 = 4*p. Calculate the highest common divisor of 10 and p.
5
Let n = 16 + -11. Let w be (-156)/(-4) + -1 + 2. Calculate the greatest common factor of n and w.
5
Suppose -v = -3*z + 4, -5*v - 11 = -5*z - 1. Let s be 0 + -2 - (-47 + z). What is the greatest common divisor of s and 66?
22
Let d(p) = -p**3 - 5*p**2 - 4*p + 4. Let v be d(-4). Let c be 2 - (-2)/(v/22). Calculate the greatest common factor of c and 13.
13
Suppose -d - 5 = -2*d. Suppose -2*h - 1010 = -16. Let u be 3/(-6) + h/(-14). What is the highest common factor of u and d?
5
Let s = -230 - -335. What is the greatest common divisor of s and 35?
35
Let j(n) = 8*n**2. Let o be j(-2). Let v = o - 2. Suppose -v = -2*p - p. Calculate the greatest common divisor of p and 40.
10
Let k be 1/(-3) - (-50)/6. What is the highest common divisor of 1 and k?
1
Let u(z) = -8*z - 2. Let n be u(-9). Suppose 0 = -5*m + 20, -5*h + 69 = -2*m + 7. What is the highest common divisor of n and h?
14
Let d(t) = t - 4. Let s be d(4). Suppose s = -h - h. Let g(v) = v**2 - v + 81. Let z be g(h). Calculate the highest common factor of z and 9.
9
Let c be (-6)/(-3) - (-1)/1. Suppose 2*w - c*w + 162 = 0. Let b(f) = -f**2 + 8*f + 3. Let h be b(5). What is the greatest common factor of w and h?
18
Suppose 5*f - 60 = 10. What is the greatest common divisor of f and 28?
14
Suppose -r = 3*b - 12 - 2, 2*r = -b + 8. Let c = -1 + 1. Suppose c = -3*o + 20 + b. Calculate the greatest common factor of o and 8.
8
Let r = 13 + -11. What is the greatest common divisor of r and 2?
2
Let c = -11 + 42. Suppose -2*x - 3 = -c. Calculate the highest common divisor of x and 21.
7
Let z(d) = -9*d. Let w = 0 - 1. Let q be z(w). What is the greatest common divisor of q and 27?
9
Suppose 3*j = 4*j + 5*r - 28, 2*r = -2*j + 16. Let n be (-4 + 3/j)*3. Let z = -1 - n. What is the greatest common divisor of 16 and z?
8
Let b be 28*((-2)/4 + 1). What is the greatest common factor of 14 and b?
14
Let z = 112 - -41. What is the highest common factor of 17 and z?
17
Suppose 0 = 3*t - 7*t + 144. Calculate the highest common divisor of 4 and t.
4
Suppose -5*p + 12 = -8*p. Let t be -110*p/(4 + 4). What is the highest common divisor of t and 5?
5
Suppose 5*l - 33 = -2*h, -4 - 5 = -l + 2*h. What is the highest common factor of 77 and l?
7
Let x be 9/(-6)*192/(-18). What is the highest common divisor of x and 176?
16
Let j be 10*(2 + 8/(-5)). Suppose -4*r + 2*w + 2 = 0, -w = -5*r - 4 + 11. Calculate the greatest common factor of j and r.
2
Let f(l) = l + 6. Let u be f(4). Let g(b) = -4 + 4 - 3*b. Let o be g(-5). Calculate the greatest common factor of o and u.
5
Suppose -3*k + 6*s = 2*s + 6, 0 = -4*k - 4*s + 20. Suppose -r - k = -3*r. Calculate the highest common divisor of 1 and r.
1
Suppose 13*d = 19*d - 720. What is the highest common factor of d and 8?
8
Suppose -4*t - 2 = 2*n - 32, t = -2*n. Let i be 8/(-2)*t/(-8). Suppose 2*r + i*l - 2*l = 2, 4 = -r - 4*l. Calculate the greatest common divisor of r and 1.
1
Let r be (-306)/(-7) - 4/(-14). Let z = -321 + 325. Calculate the highest common factor of r and z.
4
Suppose n = 3*y + 25, 3*y - 4*y = -3*n + 35. Let i be 34/n - 9/(-15). Let k = -6 + 10. Calculate the greatest common divisor of i and k.
4
Suppose -5*p + 6 = -2*p. Suppose -3*i - 6 = k, 5*k - 3*k + p*i = -4. Suppose -z + k*z + 18 = 0. What is the highest common factor of 54 and z?
18
Let s = -12 - -18. Let y = s + -3. What is the highest common factor of y and 3?
3
Let q(a) = 12*a - 88. Let x be q(11). What is the highest common divisor of x and 55?
11
Suppose 2*h + 17 = 3*h. Calculate the greatest common divisor of h and 153.
17
Let t be 9 + (-3)/(3 + -9)*-2. What is the highest common factor of 8 and t?
8
Let j(v) = 8*v - 7. Let d be j(3). What is the greatest common factor of 17 and d?
17
Let m be 418 + -1 - 10/(-5). Suppose 2*b + 5*z = m, b - 5*b = -z - 827. Calculate the greatest common divisor of b and 23.
23
Suppose 4*c - 3*c = 0. Suppose 5*z = -c*z + 85. Calculate the highest common factor of 17 and z.
17
Let j be (-4)/(-14) - 27*6/(-21). What is the greatest common divisor of j and 2?
2
Suppose 3*j - 44 - 31 = 0. What is the greatest common factor of j and 5?
5
Let c = -14 + 26. Calculate the greatest common divisor of c and 12.
12
Let w(f) = f**3 - 3*f**2 - 9*f + 8. Let d be w(5). Calculate the highest common factor of 52 and d.
13
Let n = 22 - 9. Let s(b) = -143*b**3 + b**2 + 2*b + 1. Let l be s(-1). Suppose -3*g = -4*g + l. What is the highest common divisor of g and n?
13
Let m = -19 + 35. Suppose -21 = -3*s + 3*g, m = 3*s - s - 3*g. Suppose -o = -k - 4*o + 117, s*k - o = 633. Calculate the greatest common divisor of k and 14.
14
Let t = -5 + 10. Suppose 0 = -t*l + 956 - 236. Calculate the highest common divisor of 16 and l.
16
Let d = 215 + -135. Calculate the highest common factor of 32 and d.
16
Suppose 2*p = 230 - 30. What is the greatest common factor of 40 and p?
20
Suppose -11*v + 28 = -4*v. Calculate the highest common divisor of v and 68.
4
Let k be (3/2)/((-12)/(-16)). Suppose -z + 72 = k*z. What is the highest common divisor of 6 and z?
6
Suppose 5*w - 2 = -5*s + 23, -5*s + 23 = 4*w. Calculate the greatest common divisor of 24 and s.
3
Suppose 4*f = 2*z + 224, -71 = -f - 3*z - 15. Suppose -5*s = 15, -5*u + 128 = 3*s + s. What is the greatest common divisor of f and u?
28
Let i = -4 - -69. Let s = -45 + i. What is the highest common divisor of s and 220?
20
Suppose 0 = -8*x + 58 + 102. Calculate the greatest common factor of x and 30.
10
Let s(a) = -a + 8. Let x be s(6). Suppose -x*b + 0*b + 118 = 0. Let w = -5 + b. Calculate the highest common factor of w and 6.
6
Let s be (12/(-10))/((-6)/20). Suppose s*q - 5*z - 370 = -q, 4*q = -4*z + 264. What is the greatest common divisor of 14 and q?
14
Let b(x) be the first derivative of x**4/4 + 3*x**2/2 - 3*x + 2. Let y be b(2). Calculate the highest common divisor of 22 and y.
11
Let n = -10 + 36. Suppose 0 = l - 5*o - 60, 298 + 30 = 5*l + 3*o. Calculate the greatest common factor of l and n.
13
Suppose 4*k + 466 = 1438. Calculate the highest common factor of k and 9.
9
Let b(a) = -a**2 + 5*a - 16*a - 6 - 6. Let v be b(-10). Let z = 0 - v. What is the greatest common factor of 6 and z?
2
Let h = -19 + 61. Let j(b) = -b**3 - 2*b**2 - 4*b - 2. Let m be j(-2). Calculate the greatest common divisor of h and m.
6
Suppose 0 = -3*u - u + 20. Suppose -43*m = -40*m - 138. Suppose 1 = -u*h + m. Calculate the highest common factor of h and 27.
9
Suppose 23 = 5*t + y, t = -2*y + 2 - 1. Suppose 5*i = 45 - t. Let f(c) = -c**2 + 12*c - 4. Let s be f(i). Calculate the highest common divisor of 280 and s.
28
Let h be 13 - (0 - 0 - 1)/(-1). What is the highest common divisor of h and 108?
12
Suppose -2*s - 316 = -5*n, 2*s - 107 = -3*n + 73. W